{"id":477,"date":"2020-10-11T13:22:09","date_gmt":"2020-10-11T12:22:09","guid":{"rendered":"https:\/\/domainedebeaudon.fr\/?page_id=477"},"modified":"2020-10-11T13:22:09","modified_gmt":"2020-10-11T12:22:09","slug":"visites-autour-du-domaine-yevre-le-chatel","status":"publish","type":"page","link":"https:\/\/domainedebeaudon.fr\/?page_id=477","title":{"rendered":"Visites autour du domaine: Y\u00e8vre-le-Ch\u00e2tel"},"content":{"rendered":"\n<figure class=\"wp-block-image size-large\"><img decoding=\"async\" src=\"https:\/\/domainedebeaudon.fr\/wp-content\/uploads\/Y\u00e8vre-le-Ch\u00e2tel\/VueGenerale-1024x576.jpg\" alt=\"\" class=\"wp-image-476\"\/><\/figure>\n\n\n\n<p>Situ\u00e9 \u00e0 20 minutes en voiture du domaine de Beaudon (possibilit\u00e9 d&#8217;y aller en v\u00e9lo par de petites routes peu fr\u00e9quent\u00e9es), Y\u00e8vre-le-Ch\u00e2tel est un bel endroit \u00e0 visiter. Il est possible de se restaurer sur place dans le restaurant <a rel=\"noreferrer noopener\" href=\"https:\/\/www.restaurant-larolanciene.com\/\" target=\"_blank\">La Rolanciene<\/a> ou<a href=\"https:\/\/www.leslutinsjoyeux.fr\"> <\/a><a href=\"https:\/\/www.leslutinsjoyeux.fr\" target=\"_blank\" rel=\"noreferrer noopener\">Les Lutins Joyeux<\/a>.<\/p>\n\n\n\n<p>Y\u00e8vre-le-Ch\u00e2tel \u00e9tait importante place forte du dioc\u00e8se d&#8217;<a href=\"https:\/\/fr.wikipedia.org\/wiki\/Orl%C3%A9ans\">Orl\u00e9ans<\/a>, \u00e0 la limite du dioc\u00e8se de Sens, sur la voie d&#8217;<em>Agedincum<\/em>&nbsp;(<a href=\"https:\/\/fr.wikipedia.org\/wiki\/Sens_(Yonne)\">Sens<\/a>) \u00e0&nbsp;<em>Vindinum<\/em>&nbsp;(<a href=\"https:\/\/fr.wikipedia.org\/wiki\/Le_Mans\">Mans<\/a>)<sup><a href=\"https:\/\/fr.wikipedia.org\/wiki\/Y%C3%A8vre-le-Ch%C3%A2tel#cite_note-Jacques_Soyer-4\">3<\/a><\/sup>.<\/p>\n\n\n\n<p>Durant l&#8217;Antiquit\u00e9, le village est situ\u00e9 \u00e0 la limite du territoire des peuples gaulois des&nbsp;<a href=\"https:\/\/fr.wikipedia.org\/wiki\/Carnutes\">Carnutes<\/a>&nbsp;et des&nbsp;<a href=\"https:\/\/fr.wikipedia.org\/wiki\/S%C3%A9nons\">S\u00e9nons<\/a>. Le site surplombe alors la&nbsp;<a href=\"https:\/\/fr.wikipedia.org\/wiki\/Voies_romaines_en_Gaule\">voie romaine<\/a>&nbsp;reliant la ville de Sens au Mans. Apr\u00e8s la&nbsp;<a href=\"https:\/\/fr.wikipedia.org\/wiki\/Christianisation\">christianisation<\/a>&nbsp;de la Gaule gallo-romaine, la rivi\u00e8re&nbsp;<a href=\"https:\/\/fr.wikipedia.org\/wiki\/Rimarde\">Rimarde<\/a>&nbsp;devient la fronti\u00e8re entre les \u00e9v\u00each\u00e9s de Sens (paroisse Saint-Martin de Souville, et l\u00e9proserie Saint-Lazare) et d&#8217;Orl\u00e9ans (paroisses Saint-Gault et Saint-Lubin). Cette division subsistera jusqu&#8217;au&nbsp;xix<sup>e<\/sup>&nbsp;si\u00e8cle.<\/p>\n\n\n\n<p>D\u00e8s le&nbsp;x<sup>e<\/sup>&nbsp;si\u00e8cle, Y\u00e8vre est une des possessions de l&#8217;<a href=\"https:\/\/fr.wikipedia.org\/wiki\/Abbaye_de_Saint-Beno%C3%AEt-sur-Loire\">abbaye de Fleury<\/a>. \u00c0 plusieurs reprises, les moines de Fleury se plaignent au roi des Francs&nbsp;<a href=\"https:\/\/fr.wikipedia.org\/wiki\/Hugues_Capet\">Hugues Capet<\/a>, des exactions du baron Arnoul de Y\u00e8vre. C&#8217;est sans doute pour faire oublier les exc\u00e8s de son mari que son \u00e9pouse, Lucinde, fonde dans l&#8217;enceinte du ch\u00e2teau une abbaye sous l&#8217;invocation de Saint Gault, un des Saints de&nbsp;<a href=\"https:\/\/fr.wikipedia.org\/wiki\/Bretagne\">Bretagne<\/a>&nbsp;dont les reliques avaient \u00e9t\u00e9 apport\u00e9es dans la r\u00e9gion par des moines fuyant l&#8217;invasion des&nbsp;<a href=\"https:\/\/fr.wikipedia.org\/wiki\/Normands\">Normands<\/a><sup><a href=\"https:\/\/fr.wikipedia.org\/wiki\/Y%C3%A8vre-le-Ch%C3%A2tel#cite_note-5\">note 2<\/a><\/sup>.<\/p>\n\n\n\n<figure class=\"wp-block-image size-large\"><img decoding=\"async\" src=\"https:\/\/domainedebeaudon.fr\/wp-content\/uploads\/Y\u00e8vre-le-Ch\u00e2tel\/Place-1024x683.jpg\" alt=\"\" class=\"wp-image-475\"\/><\/figure>\n\n\n\n<p>Apr\u00e8s le d\u00e9c\u00e8s du baron Arnoul, le roi interviendra plusieurs fois pour soumettre ses successeurs et d\u00e9manteler leurs ch\u00e2teaux qui ne devaient \u00eatre que des fortins de bois, construits sur une \u00ab&nbsp;motte&nbsp;\u00bb.<\/p>\n\n\n\n<p>Au printemps&nbsp;<a href=\"https:\/\/fr.wikipedia.org\/wiki\/1079\">1079<\/a>, une arm\u00e9e venue de&nbsp;<a href=\"https:\/\/fr.wikipedia.org\/wiki\/Duch%C3%A9_de_Bourgogne\">Bourgogne<\/a>&nbsp;se joindre aux forces de Philippe&nbsp;I<sup>er<\/sup>&nbsp;pour assi\u00e9ger&nbsp;<a href=\"https:\/\/fr.wikipedia.org\/wiki\/Le_Puiset\">Le Puiset<\/a>&nbsp;fait \u00e9tape \u00e0 Y\u00e8vre. Les paysans du lieu avaient amass\u00e9 tous leurs biens et leurs grains dans l&#8217;\u00e9glise, esp\u00e9rant qu&#8217;ils y seraient respect\u00e9s. Cependant, avec l&#8217;autorisation du jeune \u00e9v\u00eaque d&#8217;<a href=\"https:\/\/fr.wikipedia.org\/wiki\/Auxerre\">Auxerre<\/a>&nbsp;qui \u00e9tait de l&#8217;exp\u00e9dition avec son p\u00e8re, le comte de&nbsp;<a href=\"https:\/\/fr.wikipedia.org\/wiki\/Nevers\">Nevers<\/a>, les chevaliers y pr\u00e9lev\u00e8rent de force l&#8217;orge n\u00e9cessaire au ravitaillement de leurs chevaux. C&#8217;est la raison pour laquelle, selon&nbsp;<a href=\"https:\/\/fr.wikipedia.org\/wiki\/Raoul_Tortaire\">Raoul Tortaire<\/a>,&nbsp;<a href=\"https:\/\/fr.wikipedia.org\/wiki\/Philippe_Ier_de_France\">Philippe&nbsp;<abbr title=\"premier\">I<sup>er<\/sup><\/abbr><\/a>&nbsp;fut battu au&nbsp;<a href=\"https:\/\/fr.wikipedia.org\/wiki\/Le_Puiset\">Puiset<\/a>, par la volont\u00e9 de saint Beno\u00eet<sup><a href=\"https:\/\/fr.wikipedia.org\/wiki\/Y%C3%A8vre-le-Ch%C3%A2tel#cite_note-6\">4<\/a><\/sup>.<\/p>\n\n\n\n<p>Le rattachement du ch\u00e2teau \u00e0 la couronne de France se situe vraisemblablement vers&nbsp;<a href=\"https:\/\/fr.wikipedia.org\/wiki\/1112\">1112<\/a>, lorsque&nbsp;<a href=\"https:\/\/fr.wikipedia.org\/wiki\/Louis_VI_de_France\">Louis VI le Gros<\/a>&nbsp;contraint le vicomte Foulques \u00e0 lui c\u00e9der Y\u00e8vre-le-Ch\u00e2tel dont il fit une puissante ch\u00e2tellenie.<\/p>\n\n\n\n<p>Vers&nbsp;<a href=\"https:\/\/fr.wikipedia.org\/wiki\/1200\">1200<\/a>, sur ordre de&nbsp;<a href=\"https:\/\/fr.wikipedia.org\/wiki\/Philippe_II_de_France\">Philippe Auguste<\/a>, le ch\u00e2teau fut reconstruit selon les derniers perfectionnements de l&#8217;architecture militaire rapport\u00e9s des croisades, notamment les arcs de d\u00e9charge augmentant la r\u00e9sistance au travail de&nbsp;<a href=\"https:\/\/fr.wikipedia.org\/wiki\/Sape\">sape<\/a>. C&#8217;est semble-t-il \u00e0 Gilon du Tournel que l&#8217;on doit cette ultime reconstruction.(\u00e0 v\u00e9rifier). Elle \u00e9tait une position strat\u00e9gique entre les duch\u00e9s d&#8217;Orl\u00e9ans et l&#8217;\u00cele-de-France, sur la route entre Paris et Orl\u00e9ans, dans l&#8217;\u0153uvre d&#8217;unification du Royaume par Philippe Auguste.<\/p>\n\n\n\n<p>En 1280, Jean de la Coudre, un bourgeois d&#8217;Y\u00e8vre-le-Ch\u00e2tel vend \u00e0 la&nbsp;<a href=\"https:\/\/fr.wikipedia.org\/wiki\/Commanderie_de_Beauvais-en-G%C3%A2tinais\">commanderie de Beauvais-en-G\u00e2tinais<\/a>, la ferme des Coudres situ\u00e9e \u00e0&nbsp;<a href=\"https:\/\/fr.wikipedia.org\/wiki\/Larchant\">Larchant<\/a>.<\/p>\n\n\n\n<p>Pendant la guerre de cent ans, Y\u00e8vre resta, avec&nbsp;<a href=\"https:\/\/fr.wikipedia.org\/wiki\/Montargis\">Montargis<\/a>, la seule place forte au nord de la Loire \u00e0 ne pas tomber entre les mains des Anglais ou des Bourguignons. Le capitaine de la place, Nicolas de Giresme, prit m\u00eame une part active aux c\u00f4t\u00e9s de&nbsp;<a href=\"https:\/\/fr.wikipedia.org\/wiki\/Jeanne_d%27Arc\">Jeanne d&#8217;Arc<\/a>&nbsp;\u00e0 la lib\u00e9ration d&#8217;Orl\u00e9ans.<\/p>\n\n\n\n<p>\u00c0 la fin du&nbsp;xv<sup>e<\/sup>&nbsp;si\u00e8cle, du fait de l&#8217;extension du domaine royal et des progr\u00e8s de l&#8217;artillerie qui rendirent ses d\u00e9fenses obsol\u00e8tes, Y\u00e8vre-le-Ch\u00e2tel perdit de son importance et son r\u00f4le de place forte. Un inventaire indique d\u00e9j\u00e0, en&nbsp;<a href=\"https:\/\/fr.wikipedia.org\/wiki\/1610\">1610<\/a>, que le ch\u00e2teau est en ruine.<\/p>\n\n\n\n<p>En&nbsp;<a href=\"https:\/\/fr.wikipedia.org\/wiki\/1637\">1637<\/a>, la mar\u00e9chauss\u00e9e est transf\u00e9r\u00e9e \u00e0&nbsp;<a href=\"https:\/\/fr.wikipedia.org\/wiki\/Pithiviers\">Pithiviers<\/a>, mais la justice royale continue de si\u00e9ger \u00e0 Y\u00e8vre jusqu&#8217;\u00e0 la&nbsp;<a href=\"https:\/\/fr.wikipedia.org\/wiki\/R%C3%A9volution_fran%C3%A7aise\">R\u00e9volution fran\u00e7aise<\/a>&nbsp;de&nbsp;<a href=\"https:\/\/fr.wikipedia.org\/wiki\/1789\">1789<\/a>.<\/p>\n\n\n\n<p>Au cours de la&nbsp;<a href=\"https:\/\/fr.wikipedia.org\/wiki\/R%C3%A9volution_fran%C3%A7aise\">R\u00e9volution fran\u00e7aise<\/a>, la commune porte provisoirement le nom de&nbsp;<em>Y\u00e8vre-le-Patriote<\/em><sup><a href=\"https:\/\/fr.wikipedia.org\/wiki\/Y%C3%A8vre-le-Ch%C3%A2tel#cite_note-Cassini-7\">5<\/a><\/sup>.<\/p>\n\n\n\n<p>&nbsp;<a href=\"https:\/\/creativecommons.org\/licenses\/by-sa\/3.0\/deed.fr\">Contenu soumis \u00e0 la licence CC-BY-SA 3.0<\/a>. Source&nbsp;: Article&nbsp;<em><a href=\"https:\/\/fr.wikipedia.org\/wiki\/Y%C3%A8vre-le-Ch%C3%A2tel\">Y\u00e8vre-le-Ch\u00e2tel<\/a><\/em>&nbsp;de&nbsp;<a href=\"https:\/\/fr.wikipedia.org\/\">Wikip\u00e9dia en fran\u00e7ais<\/a>&nbsp;(<a href=\"https:\/\/fr.wikipedia.org\/w\/index.php?title=Y%C3%A8vre-le-Ch%C3%A2tel&amp;action=history\">auteurs<\/a>)<\/p>\n","protected":false},"excerpt":{"rendered":"<p>Situ\u00e9 \u00e0 20 minutes en voiture du domaine de Beaudon (possibilit\u00e9 d&#8217;y aller en v\u00e9lo par de petites routes peu fr\u00e9quent\u00e9es), Y\u00e8vre-le-Ch\u00e2tel est un bel endroit \u00e0 visiter. Il est possible de se restaurer sur place dans le restaurant La Rolanciene ou Les Lutins Joyeux. Y\u00e8vre-le-Ch\u00e2tel \u00e9tait importante place forte du dioc\u00e8se d&#8217;Orl\u00e9ans, \u00e0 la &hellip; <a href=\"https:\/\/domainedebeaudon.fr\/?page_id=477\" class=\"more-link\">Continue reading<span class=\"screen-reader-text\"> &#8220;Visites autour du domaine: Y\u00e8vre-le-Ch\u00e2tel&#8221;<\/span><\/a><\/p>\n","protected":false},"author":1,"featured_media":0,"parent":0,"menu_order":0,"comment_status":"closed","ping_status":"closed","template":"","meta":{"om_disable_all_campaigns":false,"_monsterinsights_skip_tracking":false,"_monsterinsights_sitenote_active":false,"_monsterinsights_sitenote_note":"","_monsterinsights_sitenote_category":0,"footnotes":""},"class_list":["post-477","page","type-page","status-publish","hentry"],"aioseo_notices":[],"_links":{"self":[{"href":"https:\/\/domainedebeaudon.fr\/index.php?rest_route=\/wp\/v2\/pages\/477","targetHints":{"allow":["GET"]}}],"collection":[{"href":"https:\/\/domainedebeaudon.fr\/index.php?rest_route=\/wp\/v2\/pages"}],"about":[{"href":"https:\/\/domainedebeaudon.fr\/index.php?rest_route=\/wp\/v2\/types\/page"}],"author":[{"embeddable":true,"href":"https:\/\/domainedebeaudon.fr\/index.php?rest_route=\/wp\/v2\/users\/1"}],"replies":[{"embeddable":true,"href":"https:\/\/domainedebeaudon.fr\/index.php?rest_route=%2Fwp%2Fv2%2Fcomments&post=477"}],"version-history":[{"count":0,"href":"https:\/\/domainedebeaudon.fr\/index.php?rest_route=\/wp\/v2\/pages\/477\/revisions"}],"wp:attachment":[{"href":"https:\/\/domainedebeaudon.fr\/index.php?rest_route=%2Fwp%2Fv2%2Fmedia&parent=477"}],"curies":[{"name":"wp","href":"https:\/\/api.w.org\/{rel}","templated":true}]}}